 c(p) = p**3 - 7*p**2 - 219834*p + 1538842. Calculate c(7).
4
Let u(h) = 1709*h - 80335. Give u(47).
-12
Let k(x) = 9*x**2 - 3344*x - 15032. Determine k(376).
8
Let s(b) = -185*b**2 - 110814*b + 605. What is s(-599)?
6
Let z(p) = 9*p**2 - 240*p - 5340. Determine z(-18).
1896
Let a(o) = 578*o + 166473. Determine a(-288).
9
Let t(i) = -706861*i - 4241166. Give t(-6).
0
Let q(u) = -u**3 - 312*u**2 - 46*u - 14396. What is q(-312)?
-44
Let h(m) = -2*m**3 + 239*m**2 + 373*m + 290. Calculate h(121).
1500
Let n(f) = -278*f + 495. Give n(3).
-339
Let w(k) = -7958*k + 2506851. What is w(315)?
81
Let p(n) = -539*n + 16236. What is p(30)?
66
Let t(o) = -143*o + 9069. Determine t(64).
-83
Let z(s) = 3277*s + 32774. What is z(-12)?
-6550
Let p(r) = 43*r**2 - 306*r + 592. What is p(2)?
152
Let b(f) = 4*f**2 + 1813*f + 82198. Determine b(-51).
139
Let o(h) = h**3 + 26*h**2 - 3069*h + 258. Calculate o(-70).
-512
Let n(h) = -732*h + 1618. Calculate n(3).
-578
Let o(s) = s**2 - 6758*s + 1164849. Give o(177).
12
Let r(h) = 2*h**3 - 35*h**2 - 322*h + 5. Give r(-7).
-142
Let i(a) = -2*a**2 - 214*a - 4448. Give i(-28).
-24
Let t(x) = -x**2 - 826*x - 54279. Calculate t(-754).
9
Let k(x) = -114*x + 879. Give k(4).
423
Let v(n) = -1950*n + 89852. What is v(46)?
152
Let a(x) = -x**2 - 7823*x - 78121. Give a(-10).
9
Let c(m) = -53*m**2 - 3*m + 822. Give c(4).
-38
Let d(u) = -23*u**2 - 4937*u - 3163. Give d(-214).
47
Let x(r) = 161*r - 1865. Determine x(14).
389
Let v(g) = 11*g**2 - 84179*g - 168390. What is v(-2)?
12
Let m(w) = -213*w - 2928. Determine m(-15).
267
Let c(b) = -36*b**2 + 276*b + 314. What is c(9)?
-118
Let y(o) = 453*o - 21858. Calculate y(49).
339
Let i(a) = -a**2 + 210*a + 5843. What is i(-25)?
-32
Let o(n) = -3*n**2 + 61745*n + 1174234. Calculate o(-19).
-4
Let g(v) = -5598*v + 3414780. Give g(610).
0
Let b(v) = 1647*v + 30402. Give b(-18).
756
Let z(j) = 9*j**2 + 21*j - 10271. Give z(-35).
19
Let b(n) = -497*n + 48637. Calculate b(98).
-69
Let x(m) = -80328*m - 1044187. Give x(-13).
77
Let x(b) = -212*b**2 - 519*b + 32. Give x(-6).
-4486
Let l(w) = -20648*w + 124089. Determine l(6).
201
Let w(f) = 14725*f - 88364. Determine w(6).
-14
Let d(z) = -3*z**3 - 421*z**2 + 434*z - 39239. Calculate d(-142).
-47
Let p(f) = -107027*f + 1819454. Calculate p(17).
-5
Let q(g) = -102504*g - 15375623. Calculate q(-150).
-23
Let o(s) = -7*s - 221. Determine o(3).
-242
Let q(g) = -24*g**2 + 1018*g + 10502. Calculate q(51).
-4
Let f(b) = 601*b + 27122. Calculate f(-44).
678
Let o(k) = -51*k**3 + 333*k**2 - 167*k + 37. Determine o(6).
7
Let s(u) = 3*u**3 + 78*u**2 + 92*u - 1267. Determine s(-24).
-19
Let y(t) = t**3 + 5*t**2 - 109*t - 1492. Determine y(-12).
-1192
Let f(h) = -64*h**2 - 24042*h - 24041. Give f(-1).
-63
Let n(b) = b**2 - 735*b - 69765. What is n(-85)?
-65
Let a(z) = 2*z**3 - 10*z**2 - 1698*z + 5130. Determine a(3).
0
Let b(o) = 5*o**3 - 19*o**2 + 110*o - 12. What is b(5)?
688
Let v(w) = 4*w**3 + 50*w**2 + 199*w + 31. What is v(-6)?
-227
Let y(l) = 10415*l + 343739. Calculate y(-33).
44
Let f(u) = -537*u - 2732. What is f(-5)?
-47
Let q(t) = 3209*t**2 + 6406*t - 3. Calculate q(-2).
21
Let o(y) = -918*y + 6987. Determine o(6).
1479
Let g(l) = -1421*l + 21165. What is g(15)?
-150
Let q(n) = -n**3 + 2*n**2 + 26657*n - 14602. What is q(164)?
-6
Let g(i) = -485*i + 9300. Give g(26).
-3310
Let a(y) = 88*y - 4096. Determine a(45).
-136
Let y(w) = -w**3 - 41*w**2 + 919*w - 2357. Give y(3).
4
Let b(p) = 3*p**3 - 697*p**2 + 1616*p - 1385. Calculate b(230).
-5
Let z(p) = 9810*p + 1481311. Determine z(-151).
1
Let i(n) = -20*n**2 - 298*n - 229. Calculate i(-13).
265
Let b(r) = 32603*r - 911960. What is b(28)?
924
Let n(d) = -3700*d - 206969. Give n(-56).
231
Let k(u) = 3870*u + 340544. Calculate k(-88).
-16
Let z(d) = -16154*d - 274089. What is z(-17)?
529
Let k(j) = -406*j + 16151. Calculate k(43).
-1307
Let p(w) = -5151*w**2 - 30976*w - 435. Calculate p(-6).
-15
Let m(h) = 343*h + 770. Give m(-3).
-259
Let r(a) = 10287*a - 308609. Give r(30).
1
Let r(p) = p**2 + 240*p - 17872. Give r(58).
-588
Let a(f) = 190338*f - 8565217. What is a(45)?
-7
Let g(k) = 1717*k + 424074. Calculate g(-247).
-25
Let a(w) = 79*w**3 + 3160*w**2 + 2*w + 87. Calculate a(-40).
7
Let m(w) = 287*w + 194261. What is m(-677)?
-38
Let f(b) = -172*b - 33967. Calculate f(-197).
-83
Let p(f) = -91*f**3 - 1542*f**2 + 79*f - 101. Give p(-17).
1
Let j(z) = -5*z**3 + 9*z**2 - 1486*z + 7298. What is j(5)?
-532
Let v(p) = -22*p**2 - 3691*p + 821. Determine v(-168).
-19
Let b(v) = -3*v**2 + 569*v - 9775. Give b(18).
-505
Let o(l) = -2*l**3 + 16*l**2 + 3106*l - 34362. Determine o(11).
-922
Let g(x) = -20383*x - 225. What is g(0)?
-225
Let j(o) = 2600*o + 192554. Calculate j(-74).
154
Let g(c) = c**2 + 7*c - 10405. Give g(-108).
503
Let c(a) = 3*a**3 - 187*a**2 - 522*a + 334. Calculate c(65).
204
Let r(f) = 1428*f - 125669. Give r(88).
-5
Let h(y) = 3*y**3 - 31*y**2 - 55*y + 735. Calculate h(10).
85
Let m(o) = -o**3 - 143*o**2 + 3617*o - 2228. What is m(-165)?
-83
Let p(n) = n**2 + 278*n + 17578. Calculate p(-181).
21
Let m(r) = 70*r**2 + 8*r - 9. Determine m(3).
645
Let y(o) = o**2 - 1853*o + 115209. What is y(64)?
713
Let s(d) = -d**2 - 16432*d - 1795311. Determine s(-110).
109
Let b(a) = -3*a**2 + 482*a + 17840. Calculate b(-31).
15
Let z(j) = -7*j**3 + 144*j**2 - 194*j - 2342. What is z(18)?
-2
Let u(o) = -27*o**2 - 365*o - 20. Calculate u(-12).
472
Let x(q) = -q**3 + 2*q**2 + q + 5. What is x(0)?
5
Let k(f) = 3377*f - 15323. Give k(5).
1562
Let p(t) = 11144*t + 2328979. Give p(-209).
-117
Let z(d) = 126*d**2 + 34088*d + 85771. Give z(-268).
11
Let a(j) = 25237*j - 328060. Determine a(13).
21
Let i(k) = 996*k**2 + 3999*k + 49. Give i(-4).
-11
Let g(s) = s**3 - 5*s**2 + 388*s - 2354. What is g(6)?
10
Let d(b) = 72*b - 1944. What is d(15)?
-864
Let g(j) = 166*j + 6173. Determine g(-39).
-301
Let c(t) = 11*t**2 + 327*t - 45. Calculate c(-31).
389
Let m(b) = 16*b**2 + 3239*b + 7809. What is m(-200)?
9
Let v(p) = 5953*p**2 + 11869*p - 64. Give v(-2).
10
Let x(k) = -24*k**2 + 301*k + 16. Give x(14).
-474
Let w(s) = 4*s**3 + 31*s**2 - 2024*s - 12385. Give w(-6).
11
Let r(p) = -249*p**2 - 1725*p + 55. Give r(-7).
-71
Let t(g) = 14*g**2 + 1751*g - 5314. Determine t(-128).
-66
Let r(u) = 33*u**2 - 149*u - 200. Give r(-1).
-18
Let z(g) = -13736*g + 2362595. Determine z(172).
3
Let m(t) = 1635*t - 41804. What is m(26)?
706
Let f(p) = 89*p - 5429. Give f(52).
-801
Let f(x) = x**2 + 378879*x - 757763. What is f(2)?
-1
Let j(v) = v**2 + 903*v - 78117. Calculate j(79).
-539
Let f(t) = 33*t**3 - 19734*t**2 - 3*t + 1822. What is f(598)?
28
Let y(r) = 3*r**2 + 630*r - 7867. What is y(12)?
125
Let v(n) = 18*n**2 + 316*n - 1563. What is v(5)?
467
Let o(r) = -9*r**2 + 371*r + 4104. Give o(-11).
-1066
Let w(g) = -3*g**2 + 10976*g - 229164. Calculate w(21).
9
Let k(t) = 2*t**3 + 649*t**2 + 336*t + 3915. Give k(-324).
27
Let m(n) = -19*n**3 - 71*n**2 + 239*n - 23. Give m(3).
-458
Let r(m) = -37128*m - 2190533. What is r(-59)?
19
Let x(g) = g**2 - 130*g - 14377. Give x(202).
167
Let r(u) = u**3 - 125*u**2 + 828*u + 25056. Calculate r(116).
0
Let o(w) = -2*w**3 + 18*w**2 + 169*w - 1487. Give o(10).
3
Let t(r) = 188*r - 4502. Calculate t(23).
-178
Let s(a) = -1907*a + 26736. What is s(14)?
38
Let f(m) = 406*m + 166541. Determine f(-412).
-731
Let s(t) = 1063*t - 33972. Calculate s(35).
3233
Let b(k) = -6700*k - 37295. Calculate b(-5).
-3795
Let t(r) = -3931*r - 82588. Determine t(-21).
-37
Let g(s) = s**3 + 157*s**2 - 168*s - 1655. Determine g(-158).
-75
Let w(q) = -3*q**2 + 29188*q - 756993. Give w(26).
-133
Let q(h) = -h**3 - 64*h**2 - 946*h + 125. Calculate q(-41).
248
Let j(k) = -90*k**2 - 79*k + 250. Give j(3).
-797
Let t(f) = -399833*f + 6797176. What is t(17)?
15
Let s(r) = 36*r**3 - 18*r**2 + 51*r - 101. Determine s(3).
862
Let t(v) = -6*v**3 + 59*v**2 - 869*v + 8780. What is t(10)?
-10
Let i(r) = -r**3 - 39*r**2 + 6380*r + 248827. Give i(-39).
7
Let a(z) = 1078153*z - 8625225. Determine a(8).
-1
Let w(o) = 2*o**2 - 943*o + 18050. What is w(20)?
-10
Let q(t) = -5*t**2 - 189*t - 1059. Calculate q(-32).
-131
Let i(n) = -10*n**3 + 6820*n**2 + 226*n - 154139. What is i(682)?
-7
Let y(o) = -o**2 + 52*o + 35108. What is y(217)